e third derivative of h**5/60 + h**4/24 - h**3/3 + h**2. What is the tens digit of o(r)?
1
Let o(s) = s**3 + 4*s**2. Let w be o(-5). What is the tens digit of 2/10 + (-420)/w?
1
Let r = -1 + 1. What is the units digit of -4 - -2 - -11 - r?
9
Let w be (-10)/30 + (-2)/(-6). Suppose 3 = b - w. What is the units digit of b?
3
Let f(t) = 7*t + 0*t**2 - t**3 + t**2 + 3*t**2. Let k be f(5). What is the units digit of (-1)/(-3)*(k - 4)?
2
Let l = 3 + -1. Let c be (2 + l)/(4/(-6)). Let y = 2 - c. What is the units digit of y?
8
Let j = -2 - -5. Suppose -56 = -4*o - j*b, 53 = 3*o + 8*b - 3*b. What is the units digit of o?
1
Let t(z) = 4*z - 21. What is the tens digit of t(9)?
1
Let v be (-48)/(-21) - 2/7. Suppose -2*y = -3*g + 8, 3*g + v*y - 3 = -y. What is the units digit of 28/5 + g/5?
6
Let a = 118 + 55. What is the units digit of a?
3
Let u be ((-5)/(-10))/((-1)/(-106)). Let c = u + -30. What is the units digit of c?
3
Let s = 2 + 1. Suppose o = -s*o + 4. What is the units digit of o?
1
Suppose -3*x + 45 = -42. What is the units digit of x?
9
What is the units digit of 763/2 - 2*(-6)/24?
2
Let q be -1 - 3/(0 + -1). Suppose q*p - 117 + 35 = 0. Suppose -3*z - p = -3*x + 2*z, 4*x + 5*z - 8 = 0. What is the units digit of x?
7
What is the tens digit of (-222)/(-7) - (1 + (-9)/7)?
3
Suppose -f = -5*f + 548. What is the units digit of f?
7
Suppose 4*b = -5*d + 2*d + 184, -151 = -2*d + 3*b. What is the tens digit of ((-1)/2)/((-2)/d)?
1
Let a = 23 - 12. Suppose a = r - 22. What is the units digit of r?
3
Let a(t) = t**3 - t**2 - 5*t + 2. Suppose -2*v - o = -v - 6, v + 2*o = 9. What is the units digit of a(v)?
5
What is the units digit of (-4)/1*(-3609)/36?
1
Suppose 32 = d - 11. What is the tens digit of d?
4
Suppose 0*l + 4*a = -3*l - 5, 2*a = -l - 1. Let t = 13 + l. What is the units digit of t?
0
Suppose o + 10 = 3*o. What is the units digit of (o + 1)/2 + 6?
9
Let g = 17 - 33. Let z(b) = -3*b - 24. What is the units digit of z(g)?
4
Let q be ((-12)/15)/(1/(-5)). Suppose 16 = q*w - 8. What is the units digit of w?
6
Suppose 2*j - 6*j + 4 = 0. Suppose -5*c + 84 = -j. What is the tens digit of c?
1
Let j(m) = -1 - 2 - 4*m + 2*m**2 - m**2 - 1. What is the units digit of j(6)?
8
Suppose 14*a - 80 = 10*a. What is the units digit of a?
0
What is the tens digit of (-83)/((-2 - -3)*-3 - -2)?
8
Let j(q) = -q**3 - 3*q**2 - 4*q - 2. Let s(a) = 3*a**2 + 3*a + 1. Let d(l) = -2*j(l) - 3*s(l). What is the tens digit of d(3)?
2
Let i(o) = 2*o**2 - o. Let v be i(-1). Let h = 5 - v. Suppose 10 = 3*m - h. What is the units digit of m?
4
Let k = 16 - -20. Suppose -9 + k = 3*l. What is the units digit of l?
9
Let k = 1 + 3. Suppose -k*m + 1 = 13. Let o = -2 - m. What is the units digit of o?
1
Let s(q) = 3*q + 1. Let f be s(-1). Let m be (-1)/(f/(-28)) + -2. Let w = 22 + m. What is the units digit of w?
6
Suppose 5*y - 2*i - 258 = 155, -y = i - 84. Suppose 0*r - 5*z = -2*r + y, z = 5*r - 150. What is the tens digit of r?
2
Suppose 2*t + 2*t = 32. What is the units digit of t - 8 - (0 - 1)?
1
Let a be 96/18 - (-3)/(-9). Suppose -4*c - 4*u = -116, 2*c + 38 = -a*u + 93. What is the units digit of c?
0
Let q be (1 - -1) + -1 - -1. Suppose -q = -2*b - 0. Let n(u) = 13*u**3 + 2*u**2 - 1. What is the units digit of n(b)?
4
Suppose -219 = 5*c - 759. What is the units digit of c?
8
Let a(n) = -n**3 - 4*n**2 - 2*n - 6. Let y be a(-4). Suppose -y*s = -6 - 10. What is the units digit of (s/(-3))/(6/(-27))?
2
Let u(g) = -g**2 + g + 4. Let l be u(0). Let i be 16/l - (-4)/(-2). Suppose i*q = 5 + 13. What is the units digit of q?
9
Let z(m) = m**2 - 3*m + 1. Let f be z(1). Let w be f/(-2)*(2 - -6). Suppose 0 = 4*o - 7*o + 4*l + 35, -w*o + 3*l + 35 = 0. What is the units digit of o?
5
Let q(p) = p**3 - 4*p**2 - 4*p + 5. Suppose l = 4*l - 15. What is the tens digit of q(l)?
1
Let o be 3*(3 + -1*2). Suppose o*m + 3*y = 5*y, 2*y - 14 = -4*m. Suppose m*l + 2*l - 5*u + 12 = 0, -2*l + 16 = 3*u. What is the units digit of l?
2
Let p be 3*(-3 + (-15)/(-9)). What is the tens digit of (-40)/(-6)*(-6)/p?
1
Let f = 53 + -17. What is the units digit of f?
6
Let w = 8 + -4. Suppose -j + w*j + p = 4, -j = -4*p - 10. Suppose 17 = v + j. What is the tens digit of v?
1
Let m = 4 + 1. Suppose 0 = m*z + c - 79, -5*c + 71 - 6 = 3*z. What is the units digit of z?
5
Suppose 12 = 5*x + 2. Suppose -x*o + 34 = -4*w, -o - 2*w + 0 = -1. What is the units digit of o?
9
What is the tens digit of (-2)/6*-34*(-33 + 42)?
0
Let g = 115 - 77. What is the units digit of g?
8
Let h(w) = 11*w. What is the units digit of h(1)?
1
Let c = 0 + 29. What is the units digit of c?
9
Let t be (-1 - -7)*(-22)/4. What is the units digit of (-80)/(-44) - 6/t?
2
Suppose 2*h - 3 = -3*z, z = 3*h + 6*z - 7. Let g = -41 + 65. What is the units digit of (h/(-12))/(2/g)?
6
Suppose -3*i + 3 = -6*i. Let q(y) = -8*y. What is the units digit of q(i)?
8
Let p be 10/55 + 24/(-11). Let d = 8 - p. What is the units digit of d?
0
Suppose -2 = -2*v + 2. Let k be 2/1 - v - -1. What is the units digit of 4*k/2 + 2?
4
Suppose -4 - 6 = -5*q. Let s = -7 - -6. Let t = s + q. What is the units digit of t?
1
Suppose 3*i + 2*h = 406, 0 = 4*i + i - 4*h - 706. What is the units digit of i?
8
Let n = 4 - 0. Suppose -4*g + 2*r = -0*r + 4, 0 = -n*g + 4*r. Let v = g + 5. What is the units digit of v?
3
Let p = -6 + 8. Let v(o) = 4*o**p - 2*o**2 + o**2 + 2 - 2*o. What is the tens digit of v(2)?
1
Let d = -6 - -10. What is the tens digit of (-13)/(-3)*(d - 1)?
1
Let f = 21 - 18. Suppose f*z - 20 = z. What is the tens digit of z?
1
Suppose -3*i + 295 = j + j, -2*i - 2*j + 198 = 0. What is the units digit of i?
7
Let l be (-9)/45 + (-24)/5. Let q = 4 + 11. Let t = q + l. What is the units digit of t?
0
Let p be (-5 + -1)/(-2) + 1. Suppose -q - 26 = -2*r - p*q, 0 = -5*r + q + 31. Suppose 5*w - r = 13. What is the units digit of w?
4
Suppose 2*r = -3*r - 25. Let c = r - -4. What is the units digit of (-3 - (-1)/c)/(-1)?
4
Let a(b) = 6*b + 6. Let w be a(5). Suppose -w + 6 = -2*q. What is the units digit of q?
5
Let y = 1 - -1. Let u = 41 - 37. Suppose -5*a - 3*p = -y*p - 14, u*p = 2*a - 10. What is the units digit of a?
3
Let m(h) = h**3 + 11*h**2 + 9*h + 49. What is the hundreds digit of m(-9)?
1
Let x = 19 - -16. What is the tens digit of x?
3
Let x(i) = i**3 - 9*i**2 + 18*i - 24. What is the tens digit of x(10)?
5
What is the units digit of (-82 + 0)*-6*2/8?
3
Suppose -4*f - 41 = -229. What is the tens digit of f?
4
Let s(q) = -4*q + 2. Let a(d) = d**2 + 3*d + 2. Let f be a(-3). Let v(l) = -5*l + 3. Let g(y) = f*v(y) - 3*s(y). What is the tens digit of g(6)?
1
Suppose -2*s + s + 4 = 0. Let z(b) = b**2 - 7*b + 5. Let u be z(s). Let l = u + 12. What is the units digit of l?
5
Let s(q) = -3*q - 16. Let f(d) = -4*d - 16. Let w(a) = 4*f(a) - 5*s(a). What is the tens digit of w(-7)?
2
Suppose 9*u + 4*y = 4*u + 26, -5*u - y = -29. Let c = -6 + u. Suppose c = -0*v - 5*v + 25. What is the units digit of v?
5
Let a = 4 - 2. What is the units digit of 4*a/4 - -12?
4
What is the units digit of 4 + -8 - (-3 - 114)?
3
Let a(u) = -5*u - 8. Let k(y) = 9*y + 15. Let s(l) = -11*a(l) - 6*k(l). Let p be s(3). What is the units digit of (3 + -1 + -1)*p?
1
Suppose 5*d - 6 = 2*d - 3*u, 0 = u + 2. Suppose 2*n = d*n. Suppose -4*o = -7 + 3, 3*p - 2*o - 22 = n. What is the units digit of p?
8
Let v(u) = 10 + 2*u**2 + 2*u**2 - 4*u**2 - u**2 - 7*u. What is the tens digit of v(-7)?
1
Suppose 0 = -0*s - 4*s + 2*n + 594, 0 = s + 3*n - 138. What is the units digit of s?
7
Suppose 0 = 6*v - 9*v + 9. Suppose -v*k + 2 = -58. What is the units digit of k?
0
Let x(t) = 14*t**2 - t + 1. Let z be x(1). Suppose 6 = 5*r - z. What is the units digit of r?
4
Suppose -5*i - r - 38 = -118, 3*r = 3*i - 48. Let c = i - 5. What is the units digit of c?
1
Let f(d) = 6*d**2 + 0*d**3 + d**3 + 9*d - 2 - 13*d. What is the tens digit of f(-6)?
2
Suppose -44 = -5*b + 56. What is the units digit of b?
0
Let t(o) = 2*o**2 - 4. Let z be t(-2). Suppose 4*g - 192 = z*h, h + 138 = 3*g - 0*h. What is the units digit of g?
5
Let m be (-2)/(2/(-5)) - 2. Let d(k) = 0 + 5 - m - k. What is the units digit of d(1)?
1
Let b(k) = -k**3 + 2*k**2 + 2*k - 5. What is the tens digit of b(-4)?
8
What is the units digit of (-20)/15 - (-1533)/9?
9